3 - 32?
-210
In base 15, what is -20a - -6?
-204
In base 7, what is 5 - -1?
6
In base 12, what is 2 + -180?
-17a
In base 11, what is -20 - 4?
-24
In base 7, what is 5 + -614?
-606
In base 9, what is 10 + -66?
-56
In base 13, what is 2 - cb?
-c9
In base 8, what is -1 - -370?
367
In base 15, what is -25 + 27?
2
In base 14, what is -3 + -d3?
-d6
In base 16, what is -124 - -1?
-123
In base 12, what is 34 + -3?
31
In base 12, what is -2 + 508?
506
In base 6, what is 41 - 313?
-232
In base 4, what is -11 - 1020?
-1031
In base 13, what is -8b - -2?
-89
In base 7, what is 16 + -122?
-103
In base 11, what is 344 - -7?
350
In base 5, what is 33 - 3143?
-3110
In base 11, what is 5 - -40?
45
In base 16, what is ab - 55?
56
In base 10, what is -87 - -2?
-85
In base 10, what is 5 + -394?
-389
In base 11, what is -95 - 3?
-98
In base 2, what is -101 - 1010111100?
-1011000001
In base 14, what is -2 + 111?
10d
In base 11, what is 809 - -25?
833
In base 5, what is 4 - -1411?
1420
In base 4, what is -1130 - 20?
-1210
In base 16, what is -18 - ca?
-e2
In base 5, what is 2024 + 0?
2024
In base 3, what is -101 + 2?
-22
In base 7, what is 133 - 11?
122
In base 6, what is -53 + -3?
-100
In base 14, what is 0 - 1c46?
-1c46
In base 16, what is -16 - c?
-22
In base 6, what is -3 - -44?
41
In base 16, what is -25 - -8?
-1d
In base 8, what is -1 + -54?
-55
In base 10, what is 46 + 20?
66
In base 14, what is -3 + -b6?
-b9
In base 12, what is -37 + 9?
-2a
In base 13, what is -82 + -2?
-84
In base 3, what is -211102 + -11?
-211120
In base 12, what is 2 + 47?
49
In base 5, what is 10 - 221?
-211
In base 15, what is -2 + 43?
41
In base 4, what is 1010320 + -10?
1010310
In base 15, what is b2 + -3?
ae
In base 16, what is 27 - -4?
2b
In base 2, what is 111 - 11100?
-10101
In base 7, what is 323 - -62?
415
In base 8, what is 351 + -3?
346
In base 13, what is -12b + 1?
-12a
In base 15, what is 1da + 5?
1e0
In base 15, what is 34 - -3?
37
In base 15, what is 620 + -3?
61c
In base 6, what is 5 - -53?
102
In base 9, what is -2444 + -1?
-2445
In base 2, what is -1101 + 10001111?
10000010
In base 3, what is 10 + 220200?
220210
In base 6, what is 5 - 13?
-4
In base 9, what is -4 - -777?
773
In base 8, what is -3 + 264?
261
In base 16, what is 4 + -285?
-281
In base 4, what is 0 - -302?
302
In base 11, what is 3a - -7?
46
In base 6, what is 331 + -10?
321
In base 12, what is -397 - 0?
-397
In base 8, what is -25 - -27?
2
In base 11, what is -3a + 2a?
-10
In base 12, what is 1 - aa?
-a9
In base 5, what is -14003 + -10?
-14013
In base 6, what is 0 - -110?
110
In base 12, what is -1 - 124?
-125
In base 3, what is 202 + -11?
121
In base 11, what is 1739 + 5?
1743
In base 15, what is 56 + 3d?
94
In base 14, what is 12b + 10?
13b
In base 16, what is 3 + 1b?
1e
In base 6, what is 5 - 1541?
-1532
In base 4, what is -33212 - -2?
-33210
In base 6, what is -350 - 2?
-352
In base 11, what is -44 + 6?
-39
In base 16, what is -66 - 1?
-67
In base 6, what is 23 - -252?
315
In base 15, what is -c + 2b?
1e
In base 8, what is 1 + -4324?
-4323
In base 15, what is 4 - -68?
6c
In base 8, what is 11660 - -4?
11664
In base 6, what is -15 - -123?
104
In base 11, what is -43 - -4?
-3a
In base 9, what is 5 + -22?
-16
In base 16, what is -af + 5?
-aa
In base 8, what is 3 + -1066?
-1063
In base 15, what is 15 - -3?
18
In base 9, what is 0 - 221?
-221
In base 15, what is -1 + 39?
38
In base 3, what is -2021011 + -2?
-2021020
In base 2, what is 101111000101 + -101?
101111000000
In base 11, what is -6347 + 2?
-6345
In base 11, what is -16 + 506?
4a0
In base 4, what is -233 - -13?
-220
In base 11, what is -64 + 2?
-62
In base 7, what is 13 - -222?
235
In base 8, what is 2 - -57?
61
In base 9, what is 275 + -14?
261
In base 16, what is 0 + -8?
-8
In base 11, what is 5 - 62a?
-625
In base 10, what is 7 - -23?
30
In base 9, what is -5 - -1654?
1648
In base 13, what is 2 + 46?
48
In base 13, what is 4 + -58?
-54
In base 14, what is -1219 + 0?
-1219
In base 14, what is -5 - 185?
-18a
In base 3, what is -212 + -100?
-1012
In base 16, what is 9d1 + 4?
9d5
In base 10, what is -2 - 5?
-7
In base 9, what is 2 + 3407?
3410
In base 9, what is 1 + 34?
35
In base 16, what is 8 + -22?
-1a
In base 2, what is -11 - 1110011101011?
-1110011101110
In base 4, what is 11 + -223?
-212
In base 12, what is 0 - 124a?
-124a
In base 2, what is -10 - -1101?
1011
In base 16, what is 23d - 1?
23c
In base 2, what is 0 + 1111?
1111
In base 4, what is -23202 + 10?
-23132
In base 14, what is -2 + -11?
-13
In base 12, what is -16 + 4?
-12
In base 12, what is 33 + -1a?
15
In base 15, what is -1 + 1d?
1c
In base 15, what is -41 - 3?
-44
In base 2, what is -1101100 - -10001?
-1011011
In base 15, what is -12b + 5?
-126
In base 12, what is 21b - -5?
224
In base 11, what is -5 + -541?
-546
In base 12, what is 53 + -5?
4a
In base 8, what is 11 - -437?
450
In base 3, what is 222021 - 112?
221202
In base 8, what is 1 + -53?
-52
In base 11, what is -38 - 1?
-39
In base 12, what is -2 + 6a?
68
In base 5, what is 2 + 231?
233
In base 6, what is -1 + -54?
-55
In base 3, what is 11121020 - -2?
11121022
In base 10, what is -1620 + -5?
-1625
In base 11, what is 601 - -17?
618
In base 12, what is 718 + -5?
713
In base 15, what is 0 + -1d?
-1d
In base 12, what is 6604 + 5?
6609
In base 8, what is -31 - -130?
77
In base 9, what is -2 - -3?
1
In base 6, what is -4 + 12?
4
In base 16, what is -80 - -8b?
b
In base 5, what is -444 - -214?
-230
In base 14, what is 16dc - -1?
16dd
In base 5, what is 2414 + 2?
2421
In base 13, what is -a - -24?
17
In base 4, what is -312111 + -3?
-312120
In base 8, what is 4 - 6615?
-6611
In base 14, what is 1a + a?
26
In base 16, what is 131 + -7?
12a
In base 16, what is -6 + -2?
-8
In base 15, what is 8 + 10d?
116
In base 12, what is -14 + 21?
9
In base 10, what is 448 - 15?
433
In base 6, what is -4 + 40?
32
In base 12, what is 7 - -a6?
b1
In base 4, what is -2 - 2?
-10
In base 5, what is 2 - 300434?
-300432
In base 5, what is 2303 + 4?
2312
In base 16, what is -10b + 0?
-10b
In base 2, what is 100 - 101000010?
-100111110
In base 2, what is -1110100 - 101?
-1111001
In base 5, what is -212 + -3?
-220
In base 5, what is 1 + -20?
-14
In base 13, what is 6b + 50?
bb
In base 16, what is a19 - 4?
a15
In base 7, what is -1246 - 20?
-1266
In base 2, what is -1001 - -1000110100?
1000101011
In base 7, what is 1235 + -1?
1234
In base 9, what is -7418 - 5?
-7424
In base 2, what is 1 - -1011101?
1011110
In base 8, what is -5 - 3147?
-3154
In base 2, what is 100000101 + -111100?
11001001
In base 9, what is -2 - -1488?
1486
In base 15, what is -b - -3?
-8
In base 10, what is -12759 - 5?
-12764
In base 12, what is 33 - -13?
46
In base 13, what is 222 + 3?
225
In base 15, what is -9d + 5c?
-41
In base 3, what is 10001 + -22?
2202
In base 3, what is 12 - -201?
220
In base 13, what is 5 + -8?
-3
In base 15, what is -5 + 4b?
46
In base 4, what is 3 - -303211?
303220
In base 8, what is -224 - -3?
-221
In base 13, what is 5 + 1106?
110b
In base 9, what is -13 + 13?
0
In base 3, what is -2 + -1110?
-1112
In base 6, what is -1215 + 232?
-543
In base 7, what is -34121 + 5?
-34113
In base 16, what is -6 - -248?
242
In base 7, what is -155 - -5?
-150
In base 8, what is 207 + 0?
207
In base 12, what is 2 - 4019?
-4017
In base 7, what is 4 + 540?
544
In base 13, what is -3 + -23?
-26
In base 7, what is -1 - 23?
-24
In base 6, what is -1 + 20504?
20503
In base 10, what is -154 - 20?
-174
In base 3, what is 12 + 12011?
12100
In base 3, what is 100011 - -12?
100100
In base 12, what is 1a - 5?
15
In base 6, what is -12 - -54?
42
In base 6, what is -542 + 0?
-542
In base 8, what is 5 + -44?
-37
In base 9, what is 18 - -34?
53
In base 14, what is 216 - 6?
210
In base 7, what is -405 - 5?
-413
In base 6, what is -11 - -24?
13
In base 15, what is 17c2 + 4?
17c6
In base 7, what is 4 + -311?
-304
In base 15, what is -4 - -11bc?
11b8
In base 16, what is -3c06 - -3?
-3c03
In base 6, what is -12 - -12?
0
In base 12, what is -1672 - 5?
-1677
In base 12, what is 0 + 4b?
4b
In base 8, what is -2 + 4?
2
In base 9, what is 1 - 27?
-26
In base 13, what is 11 + -12?
-1
In base 13, what is -b + a?
-1
In base 3, what is 10100 - -12?
10112
In base 11, what is 1 - -a?
10
In base 14, what is